{"id":601394,"date":"2026-06-11T13:08:52","date_gmt":"2026-06-11T11:08:52","guid":{"rendered":"https:\/\/modulor-records.com\/fr\/boutique\/les-imprimes\/you-i-miss-the-days\/"},"modified":"2026-08-06T13:52:45","modified_gmt":"2026-08-06T11:52:45","slug":"you-i-miss-the-days","status":"publish","type":"product","link":"https:\/\/modulor-records.com\/fr\/boutique\/les-imprimes\/you-i-miss-the-days\/","title":{"rendered":"You &#038; I + Miss The Days"},"content":{"rendered":"<p><span data-sheets-root=\"1\">Apr\u00e8s le succ\u00e8s de leur deuxi\u00e8me album Fading Forward, Les Imprim\u00e9s sortent deux titres phares au format 45T. La face A, \u00ab\u00a0You &amp; I\u00a0\u00bb, est un hommage dynamique et positif \u00e0 l&rsquo;amour durable, port\u00e9 par des rythmes entra\u00eenants et les voix a\u00e9riennes de Morten Martens illustrant une d\u00e9votion rare. En face B, le groupe propose \u00ab\u00a0Miss The Days\u00a0\u00bb, une version moderne du slow soul classique. Ce titre nostalgique, aux percussions lentes, \u00e9voque les souvenirs d&rsquo;une \u00e9poque plus simple et insouciante. La participation d&rsquo;Ama Li au chant transforme ce morceau en un duo soul contemporain et poignant, destin\u00e9 \u00e0 marquer les esprits.<\/span><\/p>\n","protected":false},"excerpt":{"rendered":"<p>Apr\u00e8s le succ\u00e8s de leur deuxi\u00e8me album Fading Forward, Les Imprim\u00e9s sortent deux titres phares au format 45T. La face A, \u00ab\u00a0You &amp; I\u00a0\u00bb, est un hommage dynamique et positif \u00e0 l&rsquo;amour durable, port\u00e9 par des rythmes entra\u00eenants et les voix a\u00e9riennes de Morten Martens illustrant une d\u00e9votion rare. En face B, le groupe propose&hellip;<\/p>\n","protected":false},"featured_media":601388,"template":"","meta":{"_acf_changed":false,"om_disable_all_campaigns":false,"_monsterinsights_skip_tracking":false,"_monsterinsights_sitenote_active":false,"_monsterinsights_sitenote_note":"","_monsterinsights_sitenote_category":0},"product_cat":[7819,49],"product_tag":[6091],"class_list":{"0":"post-601394","1":"product","2":"type-product","3":"status-publish","4":"has-post-thumbnail","6":"label-big-crown-records","7":"artist-les-imprimes","8":"product_cat-empty","9":"product_cat-soul-funk","10":"product_tag-catalogue","11":"pa_format-1-45t","13":"first","14":"instock","15":"taxable","16":"shipping-taxable","17":"purchasable","18":"product-type-variable"},"acf":[],"aioseo_notices":[],"_links":{"self":[{"href":"https:\/\/modulor-records.com\/fr\/wp-json\/wp\/v2\/product\/601394","targetHints":{"allow":["GET"]}}],"collection":[{"href":"https:\/\/modulor-records.com\/fr\/wp-json\/wp\/v2\/product"}],"about":[{"href":"https:\/\/modulor-records.com\/fr\/wp-json\/wp\/v2\/types\/product"}],"wp:featuredmedia":[{"embeddable":true,"href":"https:\/\/modulor-records.com\/fr\/wp-json\/wp\/v2\/media\/601388"}],"wp:attachment":[{"href":"https:\/\/modulor-records.com\/fr\/wp-json\/wp\/v2\/media?parent=601394"}],"wp:term":[{"taxonomy":"product_cat","embeddable":true,"href":"https:\/\/modulor-records.com\/fr\/wp-json\/wp\/v2\/product_cat?post=601394"},{"taxonomy":"product_tag","embeddable":true,"href":"https:\/\/modulor-records.com\/fr\/wp-json\/wp\/v2\/product_tag?post=601394"}],"curies":[{"name":"wp","href":"https:\/\/api.w.org\/{rel}","templated":true}]}}

<p><span data-sheets-root="1">Après le succès de leur deuxième album Fading Forward, Les Imprimés sortent deux titres phares au format 45T. La face A, « You &amp; I », est un hommage dynamique et positif à l&rsquo;amour durable, porté par des rythmes entraînants et les voix aériennes de Morten Martens illustrant une dévotion rare. En face B, le groupe propose « Miss The Days », une version moderne du slow soul classique. Ce titre nostalgique, aux percussions lentes, évoque les souvenirs d&rsquo;une époque plus simple et insouciante. La participation d&rsquo;Ama Li au chant transforme ce morceau en un duo soul contemporain et poignant, destiné à marquer les esprits.</span></p>

<p>Après le succès de leur deuxième album Fading Forward, Les Imprimés sortent deux titres phares au format 45T. La face A, « You &amp; I », est un hommage dynamique et positif à l&rsquo;amour durable, porté par des rythmes entraînants et les voix aériennes de Morten Martens illustrant une dévotion rare. En face B, le groupe propose&hellip;</p>
